6536339 a composite number?
False
Is 70907543953 a composite number?
True
Is 9945935341 a prime number?
True
Is 55861342139 composite?
True
Is 15579074011 prime?
False
Is 2200540777 a prime number?
True
Is 53607052117 a composite number?
False
Is 263407037 a prime number?
True
Is 93989267 composite?
False
Is 31528594 composite?
True
Is 5914361371 a prime number?
True
Is 49485932819 a composite number?
True
Is 11158473913 composite?
True
Is 415320589 a composite number?
False
Is 115473170303 composite?
False
Is 1807207165 prime?
False
Is 8544207689 composite?
False
Is 13854142153 composite?
False
Is 15518989621 a prime number?
True
Is 29249663591 a prime number?
True
Is 129466021357 a composite number?
True
Is 3723863711 a composite number?
False
Is 2205898259 composite?
True
Is 1485298811 composite?
False
Is 2328905515 a prime number?
False
Is 21142907 a prime number?
True
Is 11645064947 a composite number?
True
Is 167305213 a composite number?
True
Is 41147936089 a prime number?
False
Is 1321614169 a composite number?
True
Is 522138733 prime?
True
Is 86508762973 composite?
True
Is 52282518191 a composite number?
False
Is 1410699469 a composite number?
True
Is 52212999779 a composite number?
False
Is 1882204039 a prime number?
True
Is 14511915091 a composite number?
False
Is 932378683 prime?
True
Is 2658374909 prime?
False
Is 40460422661 a prime number?
True
Is 1861565947 a composite number?
False
Is 12499626583 prime?
False
Is 5533336727 composite?
False
Is 192791409857 prime?
False
Is 386387219 a composite number?
True
Is 2695845553 prime?
True
Is 1957570003 prime?
True
Is 644009987 a prime number?
False
Is 32254295729 a prime number?
True
Is 220634087339 prime?
True
Is 3858217837 composite?
True
Is 32691801665 a composite number?
True
Is 20733338027 composite?
False
Is 5032043617 composite?
False
Is 3675743659 a prime number?
False
Is 14432179183 a composite number?
False
Is 1892239 a prime number?
True
Is 2111428049 prime?
True
Is 10562740831 a composite number?
False
Is 22587570383 a composite number?
True
Is 27869946253 prime?
True
Is 33062393083 a prime number?
True
Is 203332333 a prime number?
False
Is 899935349 prime?
False
Is 225881653 prime?
False
Is 1710508343 composite?
True
Is 21985304981 a prime number?
False
Is 8572512469 a prime number?
True
Is 3675506941 composite?
False
Is 535090973 prime?
False
Is 4810473053 a composite number?
True
Is 9083711927 prime?
True
Is 9222897157 a composite number?
False
Is 26448689 prime?
False
Is 27926031073 prime?
False
Is 823791613 composite?
True
Is 5050085669 a composite number?
True
Is 2956229069 composite?
False
Is 2277615421 composite?
True
Is 28380607 a prime number?
True
Is 6908516911 prime?
False
Is 9604057949 composite?
True
Is 1260158311 prime?
False
Is 22923206729 composite?
True
Is 13188315719 a prime number?
False
Is 14991169541 a prime number?
True
Is 2022900953 a composite number?
True
Is 1668563693 prime?
True
Is 132359788003 composite?
True
Is 1202961799 composite?
True
Is 5289096859 a composite number?
True
Is 319437085483 composite?
False
Is 94680387863 prime?
False
Is 930716587 a prime number?
False
Is 4430152469 a prime number?
True
Is 74156279063 composite?
True
Is 34894760437 a prime number?
True
Is 302239019 a prime number?
False
Is 26776328329 a composite number?
True
Is 603507491 a composite number?
False
Is 32372414183 a prime number?
False
Is 35447948213 a prime number?
True
Is 43190552417 a composite number?
True
Is 99617322679 a prime number?
False
Is 130419878438 prime?
False
Is 9567408197 prime?
False
Is 780128159 prime?
False
Is 224626883183 a prime number?
True
Is 65683091 a composite number?
True
Is 41971807 a prime number?
False
Is 142606392911 prime?
False
Is 555646451 composite?
True
Is 3355540193 a composite number?
False
Is 441533399 prime?
True
Is 506066453 prime?
True
Is 1909605077 prime?
True
Is 603978149 a prime number?
True
Is 4172615719 a composite number?
False
Is 5904057989 a composite number?
False
Is 54155917817 a composite number?
False
Is 118815817 prime?
False
Is 986085101 composite?
False
Is 13298501387 composite?
True
Is 4078065499 composite?
True
Is 179460498551 a composite number?
False
Is 601509437 a prime number?
False
Is 1063324487 a composite number?
False
Is 1969475549 composite?
True
Is 8005812751 prime?
False
Is 15982551721 a composite number?
False
Is 828248987 composite?
False
Is 737056219 a composite number?
False
Is 1004287051 a prime number?
False
Is 1636414261 composite?
False
Is 432744707 a composite number?
True
Is 8854314229 a composite number?
False
Is 116791233199 a prime number?
False
Is 59203159 composite?
True
Is 33317261 a prime number?
True
Is 56882798341 composite?
True
Is 2691754379 composite?
False
Is 255810539 a composite number?
False
Is 1383267139 a prime number?
True
Is 14088149935 a prime number?
False
Is 1354815019 prime?
True
Is 5689093 prime?
False
Is 1636345411 a prime number?
True
Is 5380895407 prime?
True
Is 5421155161 prime?
False
Is 5289555221 a prime number?
True
Is 140286117203 prime?
True
Is 224620735 prime?
False
Is 1111043965 composite?
True
Is 289287811 a composite number?
False
Is 2282252321 composite?
True
Is 347941049 a composite number?
True
Is 11662431023 a composite number?
False
Is 5811607931 a composite number?
True
Is 117017207 prime?
False
Is 2389868605 prime?
False
Is 235128359 prime?
False
Is 13712927509 a prime number?
True
Is 8112192217 composite?
False
Is 82475296771 composite?
True
Is 613023139 a composite number?
False
Is 120228421 composite?
False
Is 144994476709 prime?
False
Is 369787661 prime?
False
Is 3827743253 a composite number?
False
Is 864040003 composite?
False
Is 8755752619 a prime number?
True
Is 5893603997 a composite number?
True
Is 356338720499 prime?
True
Is 6268955933 composite?
True
Is 5589058463 prime?
False
Is 45014454931 composite?
True
Is 16324487 prime?
False
Is 10993937531 prime?
False
Is 30974716583 a prime number?
False
Is 1831022129 a prime number?
True
Is 8461799 composite?
True
Is 237179250943 a prime number?
True
Is 15728154551 a prime number?
True
Is 55664215007 a composite number?
False
Is 4973783363 composite?
True
Is 65684853757 a composite number?
False
Is 77546665327 a composite number?
False
Is 616697407 composite?
True
Is 251603372723 a composite number?
True
Is 705127301 a prime number?
True
Is 3613491341 a prime number?
True
Is 12340777231 composite?
True
Is 24957953681 composite?
False
Is 11966264857 prime?
False
Is 3952917667 composite?
True
Is 23528670505 a prime number?
False
Is 611791 a composite number?
False
Is 1816494853 prime?
True
Is 858354571 a prime number?
False
Is 8611523233 composite?
True
Is 571228309 a prime number?
True
Is 554086139 composite?
False
Is 16744690763 a composite number?
True
Is 1334474639 composite?
True
Is 77575588879 prime?
True
Is 13861485717 a composite number?
True
Is 263896013 composite?
True
Is 1180643951 prime?
True
Is 2380953269 prime?
True
Is 6347860273 prime?
True
Is 797968637 prime?
False
Is 520664119 a prime number?
False
Is 25680452771 composite?
False
Is 6937212077 a composite number?
True
Is 1862396561 composite?
False
Is 1788623173 a prime number?
False
Is 15276760729 a prime number?
False
Is 715542239 a prime number?
True
Is 2047787113 a composite number?
False
Is 2913826789 prime?
False
Is 274897213 a composite number?
True
Is 22632078901 a prime number?
True
Is 918604147 composite?
False
Is 61465927339 prime?
True
Is 16465102957 a composite number?
True
Is 1687868081 composite?
False
Is 59415507379 a prime number?
True
Is 204756684931 prime?
True
Is 5133262997 a prime number?
False
Is 833983499 prime?
True
Is 15872247079 composite?
True
Is 245063057 composite?
True
Is 24771641617 a composite number?
False
Is 448716239 prime?
True
Is 8216254763 a composite number?
True
Is 2413724191 composite?
True
Is 18505770863 a composite number?
False
Is 784350907 a composite number?
True
Is 4851789181 composite?
False
Is 296395607 a prime number?
True
Is 941283713 composite?
False
Is 1323911647 composite?
False
Is 642567029 composite?
True
Is 173627783907 a composite number?
True
Is 239180677 composite?
False
Is 218414837 a composite number?
True
Is 2034801611 prime?
True
Is 554527249 a prime n